(t) be the third derivative of t**4/24 + t**3/2 - 2*t**2. Let j be q(-6). Let i(b) = 47*b + b**3 - 60*b + 9*b + 3*b**2. Determine i(j).
12
Let r(c) be the third derivative of -3*c**5/5 - c**4/24 + c**3/3 + 2*c**2 + 56*c. Give r(1).
-35
Let h(z) = -77*z - 765. Let d be h(-10). Suppose 1 + 1 = v. Let s(q) = q + v*q + 2 - q**2 + 3*q. Give s(d).
7
Let x(b) be the second derivative of -b**4/12 - 4*b**3/3 - 5*b**2 - 4*b + 6. Calculate x(-7).
-3
Let r(p) = 37 + 3*p - 2*p - 100 + 33 + 42. What is r(-16)?
-4
Let k(b) = -6*b**2 + b**3 + 0*b**3 + 7*b + 0 - 2. Let s be (8 + 273/(-26))*-2. Give k(s).
8
Let n(w) be the second derivative of -w**5/20 + 3*w**4/4 - w**3 - 3*w**2 - w + 145. What is n(8)?
10
Let r(m) be the first derivative of -m**3/3 + 3*m**2 + 2. Let t be 1/(5/4) - 1332/15. Let s = t - -94. Give r(s).
0
Let d = -20 + 26. Let s(j) = 22*j**2 - 14*j**2 + 2 - d*j**2 - j. Let z = -7 - -9. Give s(z).
8
Let s(v) be the third derivative of -v**4/12 - 3*v**3/2 + 138*v**2 + 1. Let a = -2 + -4. Calculate s(a).
3
Let i(h) = -8 - 82*h + 26*h + 34*h + 26*h. Give i(4).
8
Let p(j) be the third derivative of j**7/5040 - j**6/720 - j**5/30 + 11*j**2. Let m(h) be the third derivative of p(h). Calculate m(4).
3
Let u(g) = 6*g**2 + 1. Let f(h) = h**3 - 2*h - 1. Let a be f(-1). Suppose a = s - 0 - 12. Suppose -4*o = -16 + s. What is u(o)?
7
Let c(b) = -3*b**2 + 10*b + 4918 - 5*b**2 - 4927 + b**3. What is c(7)?
12
Let w(i) = -6*i**2 + 2*i**2 + 3*i + 8*i - i**2 - 7. Let o(j) = -j**2 + 4*j + 17. Let u be o(7). Let f(c) = c**2 - c. Let m(z) = u*f(z) - w(z). Determine m(7).
7
Let k = 5 - 2. Suppose -k*y - y = -8. Suppose -y*w = -w + 1. Let q(l) = -3*l**2 + 2*l + 1. What is q(w)?
-4
Let c be (-128)/24 + 1 + 8/(-12). Let g(y) = y**3 + 7*y**2 + 12*y + 8. Determine g(c).
-2
Suppose 4*j - 3*j - 4*m = 25, -j + 3*m + 20 = 0. Let w be ((-4)/(-4) - 0/(-2)) + 0. Let c(l) = 55*l - w - 28*l - 25*l - 1. What is c(j)?
8
Let f(y) = 4*y + 1. Let s(t) = 18*t + 1. Let g(n) = -4*f(n) + s(n). Determine g(-3).
-9
Let f(r) = r**3 + 6*r**2 + 2*r - 1. Suppose -9 = -v + 31. Let m = v - 45. What is f(m)?
14
Let j(f) = -f**2 - 3*f + 3. Suppose -12 = 3*s - 3*v, -5*s + 4 + 3 = 4*v. Suppose -2 = -p - p. Let n(d) = -d + 1. Let i(z) = p*n(z) + s*j(z). What is i(-3)?
1
Let q(p) = 9*p - p**2 + 3*p**2 + p**2 + 3*p**2 - p**3 + 3*p**2. What is q(10)?
-10
Let p(b) = -3*b**2 - 18*b - 19. Let u(c) = -5*c**2 - 37*c - 37. Let t(x) = 7*p(x) - 4*u(x). Let w be t(23). Let l(d) = -d**3 - 9*d**2 - 7*d + 6. Determine l(w).
-2
Let w = -292 + 287. Let n(a) = 0*a**3 + 5*a**2 + 2 + a**3 + 0*a**3. Calculate n(w).
2
Let y(n) = -n**2 + 8*n - 9. Suppose -3*a - 9 = -2*c - 2*a, 4 = 4*a. Suppose 3*i = c*i. Suppose i = -3*x + x + 14. Calculate y(x).
-2
Suppose 3*m - s = -3 + 12, -s = 3*m - 3. Let v(j) = -8 + 6 - j + 10 + m*j. Give v(-6).
2
Let r(j) = 10*j + 2. Let y(l) = -3*l. Let t(f) = -r(f) - 3*y(f). Calculate t(-8).
6
Let y(d) = 2*d**2 + 69*d + 34. Let j be y(-34). Let b(f) = -2*f**2 + 3. Give b(j).
3
Let w be (-20)/8*196/35. Let m(a) = -a**3 - 13*a**2 + 12*a - 15. Give m(w).
13
Let o be 12/(-66) + 248/(-88). Let f(p) = 5*p - 4. Determine f(o).
-19
Let w(o) be the third derivative of -o**5/60 - o**4/24 + 3*o**3 + 171*o**2. Give w(0).
18
Let n(c) = -6*c - 2. Suppose 5*y - 6 - 8 = -2*s, y + 4*s - 10 = 0. Determine n(y).
-14
Let v = -314 + 305. Let d(m) = 2*m + 3. Calculate d(v).
-15
Let l(o) = o**3 - 12*o**2 + 3. Let n(m) be the first derivative of m**4/4 - 2*m**3 + 2*m**2 - 12*m + 7. Let r be n(6). Calculate l(r).
3
Let q = 799 + -795. Let l(g) = -g**2 + 7*g - 12. Determine l(q).
0
Let u(h) = h**2 + h + 1. Let b be (-5)/(-10) - (-12)/(-8). Let t(a) = -2*a**2 - a - 4. Let r(d) = b*t(d) - 3*u(d). Let c be (-2 - 0 - 2) + 1. Give r(c).
-2
Let n = -15 + 20. Let b(o) = -o**2 + 2*o - 5 - 1 - 3*o - n*o. Let m(z) = -z + 12. Let d be m(16). Calculate b(d).
2
Suppose 4*a = a - 21. Let x(k) = -2 + 12 - 8 + k + 1. Give x(a).
-4
Suppose i - 3*k = 6, -k - 2 = i - 0*k. Let s(z) = 10*z - 46. Let r(b) = 7*b - 31. Let f(d) = 7*r(d) - 5*s(d). Determine f(i).
13
Let y(h) be the second derivative of -3*h**5/20 - h**4/12 + h**3/3 + h**2 - 37*h. Determine y(-2).
18
Let i(j) = 3*j + 6. Suppose -16*y - 10 = -14*y. Calculate i(y).
-9
Let v = -60 - -80. Let u = v - 27. Let b(z) = z**3 + 7*z**2 + 6. Calculate b(u).
6
Suppose -117*o + 283 = 49. Let d(s) be the third derivative of s**6/120 + s**5/30 + s**4/12 - s**3/6 - s**2. Calculate d(o).
19
Let t(c) = -20*c**2 + 41*c + 11. Let b(p) = p**2 + 0*p**2 - 8*p**2 + 76*p + 4 - 62*p. Let v(q) = 17*b(q) - 6*t(q). Calculate v(7).
-5
Let t(g) = -g. Let c be (-4)/(-4)*3/2*-2. What is t(c)?
3
Let m(t) be the first derivative of -t**2/2 + 6*t - 2. Suppose 3*u = 0, 0*v + 2*u + 10 = -2*v. Determine m(v).
11
Let w(k) = 11*k + 5. Let v(a) be the third derivative of 17*a**4/12 + 8*a**3/3 + 10*a**2. Let g(f) = -3*v(f) + 10*w(f). Give g(2).
18
Let f(j) = -j**3 - 11*j**2 + 5*j + 5. Let i(o) = o**3 + 10*o**2 - 4*o - 6. Let l(w) = 2*f(w) + 3*i(w). Let c = -411 - -403. Give l(c).
8
Let y(g) be the first derivative of -g**4/4 + g**2/2 + 11*g + 8. Let q(w) = -w**2 + 7*w. Let v be q(7). Calculate y(v).
11
Let f(u) be the first derivative of u**7/840 - u**6/180 - u**5/40 - u**4/8 - 2*u**3 - 12. Let r(l) be the third derivative of f(l). Calculate r(3).
-3
Suppose -93*f - 48 = -45*f. Let c(w) = -4*w + 3*w + 2*w + 1 + 9*w**2. Calculate c(f).
9
Let d(f) = 2*f - 1. Let x = -63 - -95. Let b = -27 + x. Suppose -5*a + b*m + 43 - 13 = 0, 2*a + 5*m + 16 = 0. Determine d(a).
3
Let s = 1106 + -1102. Let h(j) be the third derivative of 0 - 1/6*j**3 - 1/60*j**5 + j**2 - 1/24*j**s + 0*j. What is h(0)?
-1
Let s(f) = -3*f - 4 + 13 + 0*f - 8 + 4*f**2 + 2*f**3 - f**3. Let i = -17 - -12. Determine s(i).
-9
Let g(a) = -a**3 - 11*a**2 + 12*a - 20. Let v be g(-14). Let z(o) = v - 199 + 5*o - 198. Calculate z(-4).
-17
Let w(c) = c + 6. Let g = 205 - 213. Give w(g).
-2
Let t(j) = 3*j**2 + 3*j + 3*j**3 - 1 + 0*j - 4*j**3. Let m be 8/7 - 1 - 2/14. Suppose -12*g + 18*g - 18 = m. Determine t(g).
8
Let r(b) be the second derivative of -b**3/6 + 3*b**2 - 57*b. Calculate r(2).
4
Let i(k) = 10*k**2 + 65*k + 23. Let h(w) = -2*w**2 - 16*w - 6. Let v(t) = 9*h(t) + 2*i(t). What is v(7)?
-8
Let b(m) = 9*m**3 - 1. Let q = 88 - 87. What is b(q)?
8
Let u = -14 - -18. Let q(s) = 2*s**3 + 2*s - 2*s**2 + s**2 - s**3 + u - 5. Suppose 10*y + 21 = 1. Determine q(y).
-17
Let z(t) = -7 + 0*t + 3 - t. Let x be (-8)/(-20) + (-104)/10. Calculate z(x).
6
Let s(b) be the third derivative of 0 + 0*b - 10*b**2 - 1/12*b**4 - 1/6*b**3. Calculate s(-6).
11
Let q(g) = -g + 5. Let a be -3*(-1)/(0 - -1). Suppose -8*p + 7*p = -3*o + 63, 5*p = o - 35. Suppose -3 = 3*k + a, 0 = -5*y - 5*k + o. What is q(y)?
-1
Let r(f) = 10*f - 1. Suppose -4*v = 4*i - 24, 8 = 6*v - 2*i + i. Give r(v).
19
Let d(w) = w**3 - w**2 - w + 12. Let c be ((-9)/6)/(-3)*(-8 - -8). What is d(c)?
12
Let g = -3 + 0. Let f(q) be the first derivative of q**2 + 7*q + 216. Give f(g).
1
Let v = 108 + -77. Suppose -3*p + p + v = 3*y, y + 5*p + 7 = 0. Let h = 17 - y. Let r(g) = g**3 - 5*g**2 + 5*g - 4. What is r(h)?
0
Let r(w) = w**3 + 6*w**2 + 2*w - 4. Let g(m) = m**3 + 4*m**2 - 12*m - 5. Let c be g(-6). Calculate r(c).
11
Let f(q) = 3*q - 2. Let r(t) = t**3 - 4*t**2 + 4*t - 1. Let s be r(3). Give f(s).
4
Let x = -143 + 147. Let c(j) = j**2 - 2*j - 1. What is c(x)?
7
Suppose -5*h + 186 = -0*r + 3*r, 0 = -4*r + 8. Let f be (h/45)/(4/30). Let c(t) = -f + 1 + 10 + 0 - t. What is c(4)?
1
Let g = 34 - 29. Let s(f) = -3 - 6*f**2 + f**3 - 5 + 4*f + g + 1. Give s(5).
-7
Let d(j) = -j**2 + 13*j - 3. Let y(r) be the first derivative of r**2/2 - r - 4. Let a(s) = -d(s) + 6*y(s). Give a(6).
-9
Let g(q) = -q**2 + 5*q - 3. Let b be -3*((-20)/(-6))/(-1). Let k = b + -11. Let o = k + 6. Calculate g(o).
-3
Let w(c) = 7*c - 1. Let a be (-28)/(-35) - (-18)/15. Calculate w(a).
13
Let v(n) = -9*n + 50. Let p be v(5). Suppose 20 = p*g - 3*h - 29, 3*g - 4*h - 36 = 0. Let c(t) = -t**3 + 8*t**2 - t + 2. What is c(g)?
-6
Let d(i) = 7*i**2 + 1 - i**3 - 4*i**2 - 2*i + 0. Let l(r) = -2*r**3 - 11*r**2 + 5*r - 3. Let z be l(-6). What is d(z)?
-5
Let f(v) be the third derivative of v**5/60 + v**4/24 + v**3/6 + 538*v**2. Let z(b) = -2*b**2 + b. Let w be z(-1).